[INFO] fetching crate oauth2-lib 0.4.0...
[INFO] checking oauth2-lib-0.4.0 against master#af3c6e733a40e671550e0f0f5aeecaa13772ba56 for pr-74989
[INFO] extracting crate oauth2-lib 0.4.0 into /workspace/builds/worker-3/source
[INFO] validating manifest of crates.io crate oauth2-lib 0.4.0 on toolchain af3c6e733a40e671550e0f0f5aeecaa13772ba56
[INFO] running `Command { std: "/workspace/cargo-home/bin/cargo" "+af3c6e733a40e671550e0f0f5aeecaa13772ba56" "read-manifest" "--manifest-path" "Cargo.toml", kill_on_drop: false }`
[INFO] started tweaking crates.io crate oauth2-lib 0.4.0
[INFO] finished tweaking crates.io crate oauth2-lib 0.4.0
[INFO] tweaked toml for crates.io crate oauth2-lib 0.4.0 written to /workspace/builds/worker-3/source/Cargo.toml
[INFO] running `Command { std: "/workspace/cargo-home/bin/cargo" "+af3c6e733a40e671550e0f0f5aeecaa13772ba56" "generate-lockfile" "--manifest-path" "Cargo.toml" "-Zno-index-update", kill_on_drop: false }`
[INFO] running `Command { std: "/workspace/cargo-home/bin/cargo" "+af3c6e733a40e671550e0f0f5aeecaa13772ba56" "fetch" "--locked" "--manifest-path" "Cargo.toml", kill_on_drop: false }`
[INFO] running `Command { std: "docker" "create" "-v" "/var/lib/crater-agent-workspace/builds/worker-3/target:/opt/rustwide/target:rw,Z" "-v" "/var/lib/crater-agent-workspace/builds/worker-3/source:/opt/rustwide/workdir:ro,Z" "-v" "/var/lib/crater-agent-workspace/cargo-home:/opt/rustwide/cargo-home:ro,Z" "-v" "/var/lib/crater-agent-workspace/rustup-home:/opt/rustwide/rustup-home:ro,Z" "-e" "SOURCE_DIR=/opt/rustwide/workdir" "-e" "CARGO_TARGET_DIR=/opt/rustwide/target" "-e" "CARGO_HOME=/opt/rustwide/cargo-home" "-e" "RUSTUP_HOME=/opt/rustwide/rustup-home" "-w" "/opt/rustwide/workdir" "-m" "1610612736" "--user" "0:0" "--network" "none" "rustops/crates-build-env@sha256:d92eaeed33fa75130ca1ee6c8a01d1ffb62bac859dfdfb3450e3e5d1c0146529" "/opt/rustwide/cargo-home/bin/cargo" "+af3c6e733a40e671550e0f0f5aeecaa13772ba56" "metadata" "--no-deps" "--format-version=1", kill_on_drop: false }`
[INFO] [stderr] WARNING: Your kernel does not support swap limit capabilities or the cgroup is not mounted. Memory limited without swap.
[INFO] [stdout] 26d474374e50e1de4dd06fcb1ad18b607f8357ce58804f5ea1daf78c64239a8f
[INFO] running `Command { std: "docker" "start" "-a" "26d474374e50e1de4dd06fcb1ad18b607f8357ce58804f5ea1daf78c64239a8f", kill_on_drop: false }`
[INFO] running `Command { std: "docker" "inspect" "26d474374e50e1de4dd06fcb1ad18b607f8357ce58804f5ea1daf78c64239a8f", kill_on_drop: false }`
[INFO] running `Command { std: "docker" "rm" "-f" "26d474374e50e1de4dd06fcb1ad18b607f8357ce58804f5ea1daf78c64239a8f", kill_on_drop: false }`
[INFO] [stdout] 26d474374e50e1de4dd06fcb1ad18b607f8357ce58804f5ea1daf78c64239a8f
[INFO] running `Command { std: "docker" "create" "-v" "/var/lib/crater-agent-workspace/builds/worker-3/target:/opt/rustwide/target:rw,Z" "-v" "/var/lib/crater-agent-workspace/builds/worker-3/source:/opt/rustwide/workdir:ro,Z" "-v" "/var/lib/crater-agent-workspace/cargo-home:/opt/rustwide/cargo-home:ro,Z" "-v" "/var/lib/crater-agent-workspace/rustup-home:/opt/rustwide/rustup-home:ro,Z" "-e" "SOURCE_DIR=/opt/rustwide/workdir" "-e" "CARGO_TARGET_DIR=/opt/rustwide/target" "-e" "CARGO_INCREMENTAL=0" "-e" "RUST_BACKTRACE=full" "-e" "RUSTFLAGS=--cap-lints=forbid" "-e" "CARGO_HOME=/opt/rustwide/cargo-home" "-e" "RUSTUP_HOME=/opt/rustwide/rustup-home" "-w" "/opt/rustwide/workdir" "-m" "1610612736" "--user" "0:0" "--network" "none" "rustops/crates-build-env@sha256:d92eaeed33fa75130ca1ee6c8a01d1ffb62bac859dfdfb3450e3e5d1c0146529" "/opt/rustwide/cargo-home/bin/cargo" "+af3c6e733a40e671550e0f0f5aeecaa13772ba56" "check" "--frozen" "--all" "--all-targets" "--message-format=json", kill_on_drop: false }`
[INFO] [stderr] WARNING: Your kernel does not support swap limit capabilities or the cgroup is not mounted. Memory limited without swap.
[INFO] [stdout] d9ad54fc9f3c4bdaee8570fd8768ddedda8ca4e84a5cace6c68170e8043dc3ed
[INFO] running `Command { std: "docker" "start" "-a" "d9ad54fc9f3c4bdaee8570fd8768ddedda8ca4e84a5cace6c68170e8043dc3ed", kill_on_drop: false }`
[INFO] [stderr]    Compiling libc v0.2.77
[INFO] [stderr]    Compiling aster v0.22.1
[INFO] [stderr]     Checking tinyvec v0.3.4
[INFO] [stderr]    Compiling serde_codegen v0.7.15
[INFO] [stderr]    Compiling version_check v0.1.5
[INFO] [stderr]    Compiling quasi v0.16.0
[INFO] [stderr]     Checking rustc-serialize v0.3.24
[INFO] [stderr]    Compiling serde_codegen_internals v0.4.0
[INFO] [stderr]    Compiling httparse v1.3.4
[INFO] [stderr]     Checking serde v0.7.15
[INFO] [stderr]    Compiling textnonce v0.3.4
[INFO] [stderr]     Checking itoa v0.1.1
[INFO] [stderr]    Compiling openssl-sys v0.7.17
[INFO] [stderr]    Compiling log v0.4.11
[INFO] [stdout] error[E0463]: can't find crate for `syntax`
[INFO] [stdout]   --> /opt/rustwide/cargo-home/registry/src/github.com-1ecc6299db9ec823/quasi-0.16.0/src/lib.rs:23:1
[INFO] [stdout]    |
[INFO] [stdout] 23 | extern crate syntax;
[INFO] [stdout]    | ^^^^^^^^^^^^^^^^^^^^ can't find crate
[INFO] [stdout] 
[INFO] [stdout] 
[INFO] [stdout] error: aborting due to previous error
[INFO] [stdout] 
[INFO] [stdout] 
[INFO] [stdout] For more information about this error, try `rustc --explain E0463`.
[INFO] [stdout] 
[INFO] [stdout] error[E0463]: can't find crate for `syntax`
[INFO] [stdout]   --> /opt/rustwide/cargo-home/registry/src/github.com-1ecc6299db9ec823/aster-0.22.1/src/lib.rs:10:1
[INFO] [stdout]    |
[INFO] [stdout] 10 | extern crate syntax;
[INFO] [stdout]    | ^^^^^^^^^^^^^^^^^^^^ can't find crate
[INFO] [stdout] 
[INFO] [stdout] 
[INFO] [stdout] error: aborting due to previous error
[INFO] [stdout] 
[INFO] [stdout] 
[INFO] [stdout] For more information about this error, try `rustc --explain E0463`.
[INFO] [stdout] 
[INFO] [stderr] error: could not compile `quasi`.
[INFO] [stderr] 
[INFO] [stderr] To learn more, run the command again with --verbose.
[INFO] [stderr] warning: build failed, waiting for other jobs to finish...
[INFO] [stdout] error[E0463]: can't find crate for `syntax`
[INFO] [stdout]   --> /opt/rustwide/cargo-home/registry/src/github.com-1ecc6299db9ec823/serde_codegen_internals-0.4.0/src/lib.rs:13:1
[INFO] [stdout]    |
[INFO] [stdout] 13 | extern crate syntax;
[INFO] [stdout]    | ^^^^^^^^^^^^^^^^^^^^ can't find crate
[INFO] [stdout] 
[INFO] [stdout] 
[INFO] [stdout] error: aborting due to previous error
[INFO] [stdout] 
[INFO] [stdout] 
[INFO] [stdout] For more information about this error, try `rustc --explain E0463`.
[INFO] [stdout] 
[INFO] [stdout] error[E0432]: unresolved import `self::core::nonzero`
[INFO] [stdout]   --> /opt/rustwide/cargo-home/registry/src/github.com-1ecc6299db9ec823/serde-0.7.15/src/lib.rs:37:13
[INFO] [stdout]    |
[INFO] [stdout] 37 |     pub use self::core::nonzero;
[INFO] [stdout]    |             ^^^^^^^^^^^^^^^^^^^ no `nonzero` in the root
[INFO] [stdout] 
[INFO] [stdout] 
[INFO] [stdout] error[E0432]: unresolved import `core::num::Zero`
[INFO] [stdout]   --> /opt/rustwide/cargo-home/registry/src/github.com-1ecc6299db9ec823/serde-0.7.15/src/de/impls.rs:60:5
[INFO] [stdout]    |
[INFO] [stdout] 60 | use core::num::Zero;
[INFO] [stdout]    |     ^^^^^^^^^^^^^^^ no `Zero` in `num`
[INFO] [stdout] 
[INFO] [stdout] 
[INFO] [stdout] error[E0433]: failed to resolve: use of undeclared type or module `NonZero`
[INFO] [stdout]    --> /opt/rustwide/cargo-home/registry/src/github.com-1ecc6299db9ec823/serde-0.7.15/src/de/impls.rs:983:16
[INFO] [stdout]     |
[INFO] [stdout] 983 |             Ok(NonZero::new(value))
[INFO] [stdout]     |                ^^^^^^^ use of undeclared type or module `NonZero`
[INFO] [stdout] 
[INFO] [stdout] 
[INFO] [stdout] error[E0412]: cannot find type `NonZero` in this scope
[INFO] [stdout]    --> /opt/rustwide/cargo-home/registry/src/github.com-1ecc6299db9ec823/serde-0.7.15/src/de/impls.rs:976:25
[INFO] [stdout]     |
[INFO] [stdout] 976 | impl<T> Deserialize for NonZero<T> where T: Deserialize + PartialEq + Zeroable + Zero {
[INFO] [stdout]     |                         ^^^^^^^ not found in this scope
[INFO] [stdout] 
[INFO] [stdout] 
[INFO] [stdout] error[E0405]: cannot find trait `Zeroable` in this scope
[INFO] [stdout]    --> /opt/rustwide/cargo-home/registry/src/github.com-1ecc6299db9ec823/serde-0.7.15/src/de/impls.rs:976:71
[INFO] [stdout]     |
[INFO] [stdout] 976 | impl<T> Deserialize for NonZero<T> where T: Deserialize + PartialEq + Zeroable + Zero {
[INFO] [stdout]     |                                                                       ^^^^^^^^ not found in this scope
[INFO] [stdout] 
[INFO] [stdout] 
[INFO] [stdout] error[E0412]: cannot find type `NonZero` in this scope
[INFO] [stdout]    --> /opt/rustwide/cargo-home/registry/src/github.com-1ecc6299db9ec823/serde-0.7.15/src/de/impls.rs:977:55
[INFO] [stdout]     |
[INFO] [stdout] 977 |     fn deserialize<D>(deserializer: &mut D) -> Result<NonZero<T>, D::Error> where D: Deserializer {
[INFO] [stdout]     |                                                       ^^^^^^^ not found in this scope
[INFO] [stdout] 
[INFO] [stdout] 
[INFO] [stdout] error[E0405]: cannot find trait `One` in module `num`
[INFO] [stdout]    --> /opt/rustwide/cargo-home/registry/src/github.com-1ecc6299db9ec823/serde-0.7.15/src/ser/impls.rs:359:52
[INFO] [stdout]     |
[INFO] [stdout] 359 |     where A: Serialize + Clone + iter::Step + num::One,
[INFO] [stdout]     |                                                    ^^^ not found in `num`
[INFO] [stdout] 
[INFO] [stdout] 
[INFO] [stdout] error[E0412]: cannot find type `NonZero` in this scope
[INFO] [stdout]    --> /opt/rustwide/cargo-home/registry/src/github.com-1ecc6299db9ec823/serde-0.7.15/src/ser/impls.rs:897:23
[INFO] [stdout]     |
[INFO] [stdout] 897 | impl<T> Serialize for NonZero<T> where T: Serialize + Zeroable {
[INFO] [stdout]     |                       ^^^^^^^ not found in this scope
[INFO] [stdout] 
[INFO] [stdout] 
[INFO] [stdout] error[E0405]: cannot find trait `Zeroable` in this scope
[INFO] [stdout]    --> /opt/rustwide/cargo-home/registry/src/github.com-1ecc6299db9ec823/serde-0.7.15/src/ser/impls.rs:897:55
[INFO] [stdout]     |
[INFO] [stdout] 897 | impl<T> Serialize for NonZero<T> where T: Serialize + Zeroable {
[INFO] [stdout]     |                                                       ^^^^^^^^ not found in this scope
[INFO] [stdout] 
[INFO] [stdout] 
[INFO] [stdout] error: aborting due to 9 previous errors
[INFO] [stdout] 
[INFO] [stdout] 
[INFO] [stdout] Some errors have detailed explanations: E0405, E0412, E0432, E0433.
[INFO] [stdout] 
[INFO] [stdout] For more information about an error, try `rustc --explain E0405`.
[INFO] [stdout] 
[INFO] [stderr] error: build failed
[INFO] running `Command { std: "docker" "inspect" "d9ad54fc9f3c4bdaee8570fd8768ddedda8ca4e84a5cace6c68170e8043dc3ed", kill_on_drop: false }`
[INFO] running `Command { std: "docker" "rm" "-f" "d9ad54fc9f3c4bdaee8570fd8768ddedda8ca4e84a5cace6c68170e8043dc3ed", kill_on_drop: false }`
[INFO] [stdout] d9ad54fc9f3c4bdaee8570fd8768ddedda8ca4e84a5cace6c68170e8043dc3ed
